{"id":807,"date":"2018-08-29T22:47:51","date_gmt":"2018-08-30T01:47:51","guid":{"rendered":"https:\/\/etbblanca-bue.infd.edu.ar\/sitio\/autoridades\/"},"modified":"2026-04-07T18:15:59","modified_gmt":"2026-04-07T21:15:59","slug":"autoridades","status":"publish","type":"page","link":"https:\/\/etbblanca-bue.infd.edu.ar\/sitio\/autoridades\/","title":{"rendered":"Autoridades y equipo"},"content":{"rendered":"\n<div class=\"wp-block-buttons is-layout-flex\">\n<div class=\"wp-block-button\"><a class=\"wp-block-button__link wp-element-button\" href=\"#horarios-equipo\" style=\"border-radius:8px\">Ver horarios<\/a><\/div>\n<\/div>\n\n\n\n<h2 class=\"wp-block-heading\">Equipo directivo<\/h2>\n\n\n\n<ul>\n<li>Director: Sebasti\u00e1n Rango &#8211; <a href=\"mailto:escueladeteatrobahiablanca@abc.gob.ar\">escueladeteatrobahiablanca@abc.gob.ar<\/a><\/li>\n\n\n\n<li>Vicedirector: Diego Carlini &#8211; <a href=\"mailto:escueladeteatrobahiablanca@abc.gob.ar\">escueladeteatrobahiablanca@abc.gob.ar<\/a><\/li>\n\n\n\n<li>Secretaria: Mar\u00eda Elizabeth Cangelosi &#8211; <a href=\"mailto:meli.cangel@yahoo.com.ar\">meli.cangel@yahoo.com.ar<\/a><\/li>\n\n\n\n<li>Jefe de \u00c1rea escenopl\u00e1sticas: Alexis Mondelo &#8211; <a href=\"mailto:jefaturadeareateatro04@gmail.com\">jefaturadeareateatro04@gmail.com<\/a><\/li>\n\n\n\n<li>Jefe de \u00c1rea actuaci\u00f3n: Melina G\u00f3mez &#8211; <a href=\"mailto:jefaturadeareateatro04@gmail.com\">jefaturadeareateatro04@gmail.com<\/a><\/li>\n<\/ul>\n\n\n\n<hr class=\"wp-block-separator has-alpha-channel-opacity\"\/>\n\n\n\n<h2 class=\"wp-block-heading\">Biblioteca<\/h2>\n\n\n\n<p><a href=\"mailto:etbbbiblioteca@gmail.com\">etbbbiblioteca@gmail.com<\/a><\/p>\n\n\n\n<ul>\n<li>Isabella Valerga Martin<\/li>\n\n\n\n<li>Mariana Millan<\/li>\n<\/ul>\n\n\n\n<hr class=\"wp-block-separator has-alpha-channel-opacity\"\/>\n\n\n\n<h2 class=\"wp-block-heading\"><strong>EMATP (Encargado de Medios de Apoyo T\u00e9cnico Pedag\u00f3gico)<\/strong><\/h2>\n\n\n\n<p><\/p>\n\n\n\n<ul>\n<li>Manuel Angelini &#8211; <a href=\"mailto:mangelini3@abc.gob.ar\">mangelini3@abc.gob.ar<\/a> <\/li>\n<\/ul>\n\n\n\n<hr class=\"wp-block-separator has-alpha-channel-opacity\"\/>\n\n\n\n<h2 class=\"wp-block-heading\">Preceptor\u00eda<\/h2>\n\n\n\n<p><a href=\"mailto:preceptoriateatro04@gmail.com\">preceptoriateatro04@gmail.com<\/a><\/p>\n\n\n\n<ul>\n<li>Mar\u00eda Elizabeth Cangelosi \n<ul>\n<li>FOBA A Actuaci\u00f3n (adultos) &#8211; Turno Ma\u00f1ana<\/li>\n\n\n\n<li>1ro A Profesorado\/Tecnicatura Actuaci\u00f3n<\/li>\n\n\n\n<li>2do A Profesorado\/Tecnicatura Actuaci\u00f3n<\/li>\n<\/ul>\n<\/li>\n\n\n\n<li>Gisela Lucagnoli\n<ul>\n<li>1ro A FOBA Adolescentes<\/li>\n\n\n\n<li>2do FOBA Adolescentes<\/li>\n\n\n\n<li>3ro FOBA Adolescentes<\/li>\n\n\n\n<li>FOBA B Actuaci\u00f3n (adultos) &#8211; Turno Tarde<\/li>\n\n\n\n<li>1ro B Profesorado\/Tecnicatura Actuaci\u00f3n<\/li>\n<\/ul>\n<\/li>\n\n\n\n<li>Maricel Alonso\n\n\n\n\n\n\n\n\n\n\n\n\n<ul>\n<li>1ro B FOBA Adolescentes<\/li>\n\n\n\n<li>2do B Profesorado\/Tecnicatura Actuaci\u00f3n<\/li>\n\n\n\n<li>3ro Profesorado\/Tecnicatura Actuaci\u00f3n<\/li>\n\n\n\n<li>4to Profesorado Actuaci\u00f3n<\/li>\n<\/ul>\n\n\n\n<ul>\n<li>FOBA Dise\u00f1o de Producci\u00f3n de Espect\u00e1culos<\/li>\n\n\n\n<li>FOBA Escenograf\u00eda<\/li>\n\n\n\n<li>FOBA Iluminaci\u00f3n<\/li>\n\n\n\n<li>FOBA Maquillaje<\/li>\n\n\n\n<li>Tecnicatura en Dise\u00f1o de Producci\u00f3n de Espect\u00e1culos<\/li>\n\n\n\n<li>Tecnicatura Escenograf\u00eda<\/li>\n\n\n\n<li>Tecnicatura Iluminaci\u00f3n<\/li>\n\n\n\n<li>Tecnicatura Maquillaje<\/li>\n<\/ul>\n<\/li>\n<\/ul>\n\n\n\n<hr class=\"wp-block-separator has-alpha-channel-opacity\"\/>\n\n\n\n<h2 class=\"wp-block-heading\">Cooperadora<\/h2>\n\n\n\n<p><a href=\"mailto:cooperadoraescuelateatrobb@gmail.com\">cooperadoraescuelateatrobb@gmail.com<\/a><\/p>\n\n\n\n<hr class=\"wp-block-separator has-alpha-channel-opacity\"\/>\n\n\n\n<h2 class=\"wp-block-heading has-large-font-size\" id=\"horarios-equipo\">Horarios de personal y equipo de conducci\u00f3n<\/h2>\n\n\n\n<figure class=\"wp-block-image size-large\"><img decoding=\"async\" loading=\"lazy\" width=\"1900\" height=\"1343\" src=\"https:\/\/etbblanca-bue.infd.edu.ar\/sitio\/wp-content\/uploads\/2026\/04\/Horarios-personal-2-1900x1343.png\" alt=\"\" class=\"wp-image-2729\" srcset=\"https:\/\/etbblanca-bue.infd.edu.ar\/sitio\/wp-content\/uploads\/2026\/04\/Horarios-personal-2-1900x1343.png 1900w, https:\/\/etbblanca-bue.infd.edu.ar\/sitio\/wp-content\/uploads\/2026\/04\/Horarios-personal-2-1000x707.png 1000w, https:\/\/etbblanca-bue.infd.edu.ar\/sitio\/wp-content\/uploads\/2026\/04\/Horarios-personal-2-768x543.png 768w, https:\/\/etbblanca-bue.infd.edu.ar\/sitio\/wp-content\/uploads\/2026\/04\/Horarios-personal-2-1536x1086.png 1536w, https:\/\/etbblanca-bue.infd.edu.ar\/sitio\/wp-content\/uploads\/2026\/04\/Horarios-personal-2.png 2000w\" sizes=\"(max-width: 1900px) 100vw, 1900px\" \/><\/figure>\n","protected":false},"excerpt":{"rendered":"<p>Equipo directivo Biblioteca etbbbiblioteca@gmail.com EMATP (Encargado de Medios de Apoyo T\u00e9cnico Pedag\u00f3gico) Preceptor\u00eda preceptoriateatro04@gmail.com Cooperadora cooperadoraescuelateatrobb@gmail.com Horarios de personal y equipo de conducci\u00f3n<\/p>\n","protected":false},"author":1570,"featured_media":0,"parent":0,"menu_order":0,"comment_status":"closed","ping_status":"closed","template":"","meta":[],"acf":[],"_links":{"self":[{"href":"https:\/\/etbblanca-bue.infd.edu.ar\/sitio\/wp-json\/wp\/v2\/pages\/807"}],"collection":[{"href":"https:\/\/etbblanca-bue.infd.edu.ar\/sitio\/wp-json\/wp\/v2\/pages"}],"about":[{"href":"https:\/\/etbblanca-bue.infd.edu.ar\/sitio\/wp-json\/wp\/v2\/types\/page"}],"author":[{"embeddable":true,"href":"https:\/\/etbblanca-bue.infd.edu.ar\/sitio\/wp-json\/wp\/v2\/users\/1570"}],"replies":[{"embeddable":true,"href":"https:\/\/etbblanca-bue.infd.edu.ar\/sitio\/wp-json\/wp\/v2\/comments?post=807"}],"version-history":[{"count":17,"href":"https:\/\/etbblanca-bue.infd.edu.ar\/sitio\/wp-json\/wp\/v2\/pages\/807\/revisions"}],"predecessor-version":[{"id":2731,"href":"https:\/\/etbblanca-bue.infd.edu.ar\/sitio\/wp-json\/wp\/v2\/pages\/807\/revisions\/2731"}],"wp:attachment":[{"href":"https:\/\/etbblanca-bue.infd.edu.ar\/sitio\/wp-json\/wp\/v2\/media?parent=807"}],"curies":[{"name":"wp","href":"https:\/\/api.w.org\/{rel}","templated":true}]}}