{"id":803,"date":"2018-08-29T22:47:50","date_gmt":"2018-08-30T01:47:50","guid":{"rendered":"https:\/\/etbblanca-bue.infd.edu.ar\/sitio\/datos-institucionales\/"},"modified":"2024-05-21T15:30:22","modified_gmt":"2024-05-21T18:30:22","slug":"datos-institucionales","status":"publish","type":"page","link":"https:\/\/etbblanca-bue.infd.edu.ar\/sitio\/datos-institucionales\/","title":{"rendered":"Datos Institucionales"},"content":{"rendered":"\n<div class=\"wp-block-group is-layout-flow\"><div class=\"wp-block-group__inner-container\">\n<p><strong><mark style=\"background-color:rgba(0, 0, 0, 0)\" class=\"has-inline-color has-accent-color\">Nombre:<\/mark> Escuela de Teatro<br><mark style=\"background-color:rgba(0, 0, 0, 0)\" class=\"has-inline-color has-accent-color\">Caracter:<\/mark> Urbana<br><mark style=\"background-color:rgba(0, 0, 0, 0)\" class=\"has-inline-color has-accent-color\">N\u00famero:<\/mark> AT0004\u00a0<br><mark style=\"background-color:rgba(0, 0, 0, 0)\" class=\"has-inline-color has-accent-color\">Regi\u00f3n:<\/mark> XXII<br><mark style=\"background-color:rgba(0, 0, 0, 0)\" class=\"has-inline-color has-accent-color\">Distrito:<\/mark> 008 &#8211;\u00a0Bah\u00eda Blanca<br><mark style=\"background-color:rgba(0, 0, 0, 0)\" class=\"has-inline-color has-accent-color\">Direcci\u00f3n:<\/mark> General Paz 250<br><mark style=\"background-color:rgba(0, 0, 0, 0)\" class=\"has-inline-color has-accent-color\">Tel\u00e9fono:<\/mark> (0291) 4531911<br><mark style=\"background-color:rgba(0, 0, 0, 0)\" class=\"has-inline-color has-accent-color\">E-mail:<\/mark> escueladeteatrobahiablanca@abc.gob.ar<br><mark style=\"background-color:rgba(0, 0, 0, 0)\" class=\"has-inline-color has-accent-color\">Horarios de atenci\u00f3n:<\/mark>\u00a008:00 a 22:00 hs.<\/strong><\/p>\n<\/div><\/div>\n\n\n\n<center> <iframe src=\"https:\/\/www.google.com\/maps\/embed?pb=!1m18!1m12!1m3!1d3112.905015866792!2d-62.26043702559065!3d-38.71998967176241!2m3!1f0!2f0!3f0!3m2!1i1024!2i768!4f13.1!3m3!1m2!1s0x95eda34c093da82b%3A0xb329e6ca045086ef!2sGral.%20Paz%20250%2C%20B8000IPF%20Bah%C3%ADa%20Blanca%2C%20Provincia%20de%20Buenos%20Aires!5e0!3m2!1ses!2sar!4v1716316098441!5m2!1ses!2sar\" width=\"600\" height=\"450\" style=\"border:0;\" allowfullscreen=\"\" loading=\"lazy\" referrerpolicy=\"no-referrer-when-downgrade\"><\/iframe><\/center>\n","protected":false},"excerpt":{"rendered":"<p>Nombre: Escuela de TeatroCaracter: UrbanaN\u00famero: AT0004\u00a0Regi\u00f3n: XXIIDistrito: 008 &#8211;\u00a0Bah\u00eda BlancaDirecci\u00f3n: General Paz 250Tel\u00e9fono: (0291) 4531911E-mail: escueladeteatrobahiablanca@abc.gob.arHorarios de atenci\u00f3n:\u00a008:00 a 22:00 hs.<\/p>\n","protected":false},"author":148,"featured_media":0,"parent":0,"menu_order":0,"comment_status":"closed","ping_status":"closed","template":"","meta":[],"acf":[],"_links":{"self":[{"href":"https:\/\/etbblanca-bue.infd.edu.ar\/sitio\/wp-json\/wp\/v2\/pages\/803"}],"collection":[{"href":"https:\/\/etbblanca-bue.infd.edu.ar\/sitio\/wp-json\/wp\/v2\/pages"}],"about":[{"href":"https:\/\/etbblanca-bue.infd.edu.ar\/sitio\/wp-json\/wp\/v2\/types\/page"}],"author":[{"embeddable":true,"href":"https:\/\/etbblanca-bue.infd.edu.ar\/sitio\/wp-json\/wp\/v2\/users\/148"}],"replies":[{"embeddable":true,"href":"https:\/\/etbblanca-bue.infd.edu.ar\/sitio\/wp-json\/wp\/v2\/comments?post=803"}],"version-history":[{"count":7,"href":"https:\/\/etbblanca-bue.infd.edu.ar\/sitio\/wp-json\/wp\/v2\/pages\/803\/revisions"}],"predecessor-version":[{"id":2358,"href":"https:\/\/etbblanca-bue.infd.edu.ar\/sitio\/wp-json\/wp\/v2\/pages\/803\/revisions\/2358"}],"wp:attachment":[{"href":"https:\/\/etbblanca-bue.infd.edu.ar\/sitio\/wp-json\/wp\/v2\/media?parent=803"}],"curies":[{"name":"wp","href":"https:\/\/api.w.org\/{rel}","templated":true}]}}