{"id":777,"date":"2018-08-29T22:47:41","date_gmt":"2018-08-30T01:47:41","guid":{"rendered":"https:\/\/etbblanca-bue.infd.edu.ar\/sitio\/programa-de-extension\/"},"modified":"2026-03-27T19:41:51","modified_gmt":"2026-03-27T22:41:51","slug":"programa-de-extension","status":"publish","type":"page","link":"https:\/\/etbblanca-bue.infd.edu.ar\/sitio\/programa-de-extension\/","title":{"rendered":"Proyectos de Extensi\u00f3n"},"content":{"rendered":"\n<p>Se define como Proyecto de Extensi\u00f3n a la actividad sistem\u00e1tica de transferencia al entorno extra-institucional de los conocimientos y experiencias producidos por la actividad acad\u00e9mica y de investigaci\u00f3n mediante su aplicaci\u00f3n y adaptaci\u00f3n, de manera que se produzca un enriquecimiento rec\u00edproco en la interrelaci\u00f3n Escuela &#8211; Comunidad.<\/p>\n\n\n\n<p>La demanda actual de un espacio destinado a cubrir el \u00e1rea desde las artes escenopl\u00e1sticas, nos desaf\u00eda a generar un espacio de extensi\u00f3n que tenga como finalidad la participaci\u00f3n de estudiantes en propuestas que incorporen actividades de investigaci\u00f3n tendientes a construir miradas interdisciplinarias sobre los procesos creativos de generaci\u00f3n de sentido vinculados a la escenograf\u00eda, iluminaci\u00f3n, maquillaje y dise\u00f1o de producci\u00f3n de espect\u00e1culos, involucrando los saberes de cada carrera en una puesta en escena que genere un di\u00e1logo con el espectador y una mirada que invite a valorar la est\u00e9tica y ponga como protagonistas a los realizadores de estas disciplinas, generando y documentado contenidos audiovisuales que se encuentren atravesados por las artes integradas.<\/p>\n\n\n\n<p>Esta propuesta de puesta en escena se abordar\u00e1 con el formato de pareja pedag\u00f3gica, bajo el perfil de Codirector Escenopl\u00e1stico. El trabajo escenogr\u00e1fico, la iluminaci\u00f3n, el video y el sonido jugar\u00e1n un papel fundamental en la ambientaci\u00f3n, construcci\u00f3n y montaje del espect\u00e1culo. La propuesta de una direcci\u00f3n conformada por una dupla de trabajo est\u00e1 fundamentada en la necesidad que nos plantea este abordaje. Por eso, quien dirija la escena tecno-pl\u00e1sticamente deber\u00e1 tener conocimientos art\u00edsticos y t\u00e9cnicos de iluminaci\u00f3n, sonido, escenograf\u00eda, maquillaje.<\/p>\n\n\n\n<h4 class=\"wp-block-heading\">COMEDIA ESCUELA DE TEATRO 2026<\/h4>\n\n\n\n<figure class=\"wp-block-image size-medium is-resized\"><img decoding=\"async\" loading=\"lazy\" src=\"https:\/\/etbblanca-bue.infd.edu.ar\/sitio\/wp-content\/uploads\/2026\/03\/WhatsApp-Image-2026-03-18-at-2.36.05-PM-800x1000.jpeg\" alt=\"\" class=\"wp-image-2725\" width=\"635\" height=\"794\" srcset=\"https:\/\/etbblanca-bue.infd.edu.ar\/sitio\/wp-content\/uploads\/2026\/03\/WhatsApp-Image-2026-03-18-at-2.36.05-PM-800x1000.jpeg 800w, https:\/\/etbblanca-bue.infd.edu.ar\/sitio\/wp-content\/uploads\/2026\/03\/WhatsApp-Image-2026-03-18-at-2.36.05-PM-768x960.jpeg 768w, https:\/\/etbblanca-bue.infd.edu.ar\/sitio\/wp-content\/uploads\/2026\/03\/WhatsApp-Image-2026-03-18-at-2.36.05-PM.jpeg 1080w\" sizes=\"(max-width: 635px) 100vw, 635px\" \/><\/figure>\n\n\n\n<p>&#x2601;&#xfe0f; Woyzeck<br>Como disparador se utilizar\u00e1 la obra Woyzeck, de Georg B\u00fcchner, particularmente sus n\u00facleos tem\u00e1ticos vinculados a la deshumanizaci\u00f3n, el experimento sobre los cuerpos, la alienaci\u00f3n, la opresi\u00f3n sistem\u00e1tica y la progresiva desintegraci\u00f3n subjetiva de sus personajes. El proyecto plantea recontextualizar estos ejes desde un anclaje territorial y contempor\u00e1neo,<br>incorporando problem\u00e1ticas del entorno local: el Puerto de Bah\u00eda Blanca, su polo petroqu\u00edmico y las experiencias humanas, ambientales y sociales que hist\u00f3ricamente lo atraviesan. En esta l\u00ednea, se prev\u00e9 la articulaci\u00f3n con el Museo-Taller Ferrowhite para el desarrollo de instancias de investigaci\u00f3n que permitan abordar su territorio, historia, sus memorias del trabajo, la industria y la comunidad como un corpus significativo para la construcci\u00f3n del enfoque est\u00e9tico y conceptual de la propuesta.<\/p>\n\n\n\n<p>&#x27a1;&#xfe0f; \u00bfQui\u00e9nes pueden participar?<br>*   Alumnos\/as y\/o egresados\/as de todas las carreras de la escuela:<br>*   Actuaci\u00f3n (Tecnicatura\/Profesorado), Escenograf\u00eda, Maquillaje, Iluminaci\u00f3n, Dise\u00f1o y Producci\u00f3n de espect\u00e1culos (a partir de FOBA en adelante).<\/p>\n\n\n\n<p>&#x1f4dd; Para inscribirte complet\u00e1 el siguiente formulario: <a href=\"https:\/\/docs.google.com\/forms\/d\/e\/1FAIpQLSeXn10P-250dtVNMN_GLqPZm9t5dwS84ydt-OPVRSWGnlBuqg\/viewform\" target=\"_blank\" rel=\"noreferrer noopener\">LINK<\/a><\/p>\n\n\n\n<p>&#x1f4c6; Primer encuentro lunes 30 de marzo, en la Escuela de Teatro (Gral. Paz 250)<\/p>\n\n\n\n<p>&#x1f55b; Horarios de ensayos: Lunes de 9 a 14 hs. (durante el primer cuatrimestre)<\/p>\n\n\n\n<p>&#x1f4f1; Consultas: 2914733729<\/p>\n","protected":false},"excerpt":{"rendered":"<p>Se define como Proyecto de Extensi\u00f3n a la actividad sistem\u00e1tica de transferencia al entorno extra-institucional de los conocimientos y experiencias producidos por la actividad acad\u00e9mica y de investigaci\u00f3n mediante su aplicaci\u00f3n y adaptaci\u00f3n, de manera que se produzca un enriquecimiento rec\u00edproco en la interrelaci\u00f3n Escuela &#8211; Comunidad. La demanda actual de un espacio destinado a &#8230; <a title=\"Proyectos de Extensi\u00f3n\" class=\"read-more\" href=\"https:\/\/etbblanca-bue.infd.edu.ar\/sitio\/programa-de-extension\/\" aria-label=\"More on Proyectos de Extensi\u00f3n\">[+]<\/a><\/p>\n","protected":false},"author":1570,"featured_media":0,"parent":0,"menu_order":0,"comment_status":"closed","ping_status":"closed","template":"","meta":[],"acf":[],"_links":{"self":[{"href":"https:\/\/etbblanca-bue.infd.edu.ar\/sitio\/wp-json\/wp\/v2\/pages\/777"}],"collection":[{"href":"https:\/\/etbblanca-bue.infd.edu.ar\/sitio\/wp-json\/wp\/v2\/pages"}],"about":[{"href":"https:\/\/etbblanca-bue.infd.edu.ar\/sitio\/wp-json\/wp\/v2\/types\/page"}],"author":[{"embeddable":true,"href":"https:\/\/etbblanca-bue.infd.edu.ar\/sitio\/wp-json\/wp\/v2\/users\/1570"}],"replies":[{"embeddable":true,"href":"https:\/\/etbblanca-bue.infd.edu.ar\/sitio\/wp-json\/wp\/v2\/comments?post=777"}],"version-history":[{"count":7,"href":"https:\/\/etbblanca-bue.infd.edu.ar\/sitio\/wp-json\/wp\/v2\/pages\/777\/revisions"}],"predecessor-version":[{"id":2726,"href":"https:\/\/etbblanca-bue.infd.edu.ar\/sitio\/wp-json\/wp\/v2\/pages\/777\/revisions\/2726"}],"wp:attachment":[{"href":"https:\/\/etbblanca-bue.infd.edu.ar\/sitio\/wp-json\/wp\/v2\/media?parent=777"}],"curies":[{"name":"wp","href":"https:\/\/api.w.org\/{rel}","templated":true}]}}