{"id":777,"date":"2018-08-29T22:47:41","date_gmt":"2018-08-30T01:47:41","guid":{"rendered":"https:\/\/etbblanca-bue.infd.edu.ar\/sitio\/programa-de-extension\/"},"modified":"2026-08-20T13:58:30","modified_gmt":"2026-08-20T16:58:30","slug":"programa-de-extension","status":"publish","type":"page","link":"https:\/\/etbblanca-bue.infd.edu.ar\/sitio\/programa-de-extension\/","title":{"rendered":"Proyectos de Extensi\u00f3n"},"content":{"rendered":"\n<p>Se define como Proyecto de Extensi\u00f3n a la actividad sistem\u00e1tica de transferencia al entorno extra-institucional de los conocimientos y experiencias producidos por la actividad acad\u00e9mica y de investigaci\u00f3n mediante su aplicaci\u00f3n y adaptaci\u00f3n, de manera que se produzca un enriquecimiento rec\u00edproco en la interrelaci\u00f3n Escuela &#8211; Comunidad.<\/p>\n\n\n\n<p>La demanda actual de un espacio destinado a cubrir el \u00e1rea desde las artes escenopl\u00e1sticas, nos desaf\u00eda a generar un espacio de extensi\u00f3n que tenga como finalidad la participaci\u00f3n de estudiantes en propuestas que incorporen actividades de investigaci\u00f3n tendientes a construir miradas interdisciplinarias sobre los procesos creativos de generaci\u00f3n de sentido vinculados a la escenograf\u00eda, iluminaci\u00f3n, maquillaje y dise\u00f1o de producci\u00f3n de espect\u00e1culos, involucrando los saberes de cada carrera en una puesta en escena que genere un di\u00e1logo con el espectador y una mirada que invite a valorar la est\u00e9tica y ponga como protagonistas a los realizadores de estas disciplinas, generando y documentado contenidos audiovisuales que se encuentren atravesados por las artes integradas.<\/p>\n\n\n\n<p>Esta propuesta de puesta en escena se abordar\u00e1 con el formato de pareja pedag\u00f3gica, bajo el perfil de Codirector Escenopl\u00e1stico. El trabajo escenogr\u00e1fico, la iluminaci\u00f3n, el video y el sonido jugar\u00e1n un papel fundamental en la ambientaci\u00f3n, construcci\u00f3n y montaje del espect\u00e1culo. La propuesta de una direcci\u00f3n conformada por una dupla de trabajo est\u00e1 fundamentada en la necesidad que nos plantea este abordaje. Por eso, quien dirija la escena tecno-pl\u00e1sticamente deber\u00e1 tener conocimientos art\u00edsticos y t\u00e9cnicos de iluminaci\u00f3n, sonido, escenograf\u00eda, maquillaje.<\/p>\n\n\n\n<h4 class=\"wp-block-heading\">COMEDIA ESCUELA DE TEATRO 2026<\/h4>\n\n\n\n<div class=\"wp-block-file\"><object class=\"wp-block-file__embed\" data=\"https:\/\/etbblanca-bue.infd.edu.ar\/sitio\/wp-content\/uploads\/2026\/08\/cuadernillo_woyzeck_puerto.pdf\" type=\"application\/pdf\" style=\"width:100%;height:600px\" aria-label=\"Incrustado de cuadernillo_woyzeck_puerto.\"><\/object><a id=\"wp-block-file--media-429cbf1f-29f7-4769-9db9-490b491421bf\" href=\"https:\/\/etbblanca-bue.infd.edu.ar\/sitio\/wp-content\/uploads\/2026\/08\/cuadernillo_woyzeck_puerto.pdf\">cuadernillo_woyzeck_puerto<\/a><a href=\"https:\/\/etbblanca-bue.infd.edu.ar\/sitio\/wp-content\/uploads\/2026\/08\/cuadernillo_woyzeck_puerto.pdf\" class=\"wp-block-file__button wp-element-button\" download aria-describedby=\"wp-block-file--media-429cbf1f-29f7-4769-9db9-490b491421bf\">Descarga<\/a><\/div>\n","protected":false},"excerpt":{"rendered":"<p>Se define como Proyecto de Extensi\u00f3n a la actividad sistem\u00e1tica de transferencia al entorno extra-institucional de los conocimientos y experiencias producidos por la actividad acad\u00e9mica y de investigaci\u00f3n mediante su aplicaci\u00f3n y adaptaci\u00f3n, de manera que se produzca un enriquecimiento rec\u00edproco en la interrelaci\u00f3n Escuela &#8211; Comunidad. La demanda actual de un espacio destinado a &#8230; <a title=\"Proyectos de Extensi\u00f3n\" class=\"read-more\" href=\"https:\/\/etbblanca-bue.infd.edu.ar\/sitio\/programa-de-extension\/\" aria-label=\"More on Proyectos de Extensi\u00f3n\">[+]<\/a><\/p>\n","protected":false},"author":1570,"featured_media":0,"parent":0,"menu_order":0,"comment_status":"closed","ping_status":"closed","template":"","meta":[],"acf":[],"_links":{"self":[{"href":"https:\/\/etbblanca-bue.infd.edu.ar\/sitio\/wp-json\/wp\/v2\/pages\/777"}],"collection":[{"href":"https:\/\/etbblanca-bue.infd.edu.ar\/sitio\/wp-json\/wp\/v2\/pages"}],"about":[{"href":"https:\/\/etbblanca-bue.infd.edu.ar\/sitio\/wp-json\/wp\/v2\/types\/page"}],"author":[{"embeddable":true,"href":"https:\/\/etbblanca-bue.infd.edu.ar\/sitio\/wp-json\/wp\/v2\/users\/1570"}],"replies":[{"embeddable":true,"href":"https:\/\/etbblanca-bue.infd.edu.ar\/sitio\/wp-json\/wp\/v2\/comments?post=777"}],"version-history":[{"count":8,"href":"https:\/\/etbblanca-bue.infd.edu.ar\/sitio\/wp-json\/wp\/v2\/pages\/777\/revisions"}],"predecessor-version":[{"id":2957,"href":"https:\/\/etbblanca-bue.infd.edu.ar\/sitio\/wp-json\/wp\/v2\/pages\/777\/revisions\/2957"}],"wp:attachment":[{"href":"https:\/\/etbblanca-bue.infd.edu.ar\/sitio\/wp-json\/wp\/v2\/media?parent=777"}],"curies":[{"name":"wp","href":"https:\/\/api.w.org\/{rel}","templated":true}]}}

Proyectos de Extensión

<p>Se define como Proyecto de Extensión a la actividad sistemática de transferencia al entorno extra-institucional de los conocimientos y experiencias producidos por la actividad académica y de investigación mediante su aplicación y adaptación, de manera que se produzca un enriquecimiento recíproco en la interrelación Escuela &#8211; Comunidad.</p>



<p>La demanda actual de un espacio destinado a cubrir el área desde las artes escenoplásticas, nos desafía a generar un espacio de extensión que tenga como finalidad la participación de estudiantes en propuestas que incorporen actividades de investigación tendientes a construir miradas interdisciplinarias sobre los procesos creativos de generación de sentido vinculados a la escenografía, iluminación, maquillaje y diseño de producción de espectáculos, involucrando los saberes de cada carrera en una puesta en escena que genere un diálogo con el espectador y una mirada que invite a valorar la estética y ponga como protagonistas a los realizadores de estas disciplinas, generando y documentado contenidos audiovisuales que se encuentren atravesados por las artes integradas.</p>



<p>Esta propuesta de puesta en escena se abordará con el formato de pareja pedagógica, bajo el perfil de Codirector Escenoplástico. El trabajo escenográfico, la iluminación, el video y el sonido jugarán un papel fundamental en la ambientación, construcción y montaje del espectáculo. La propuesta de una dirección conformada por una dupla de trabajo está fundamentada en la necesidad que nos plantea este abordaje. Por eso, quien dirija la escena tecno-plásticamente deberá tener conocimientos artísticos y técnicos de iluminación, sonido, escenografía, maquillaje.</p>



<h4 class="wp-block-heading">COMEDIA ESCUELA DE TEATRO 2026</h4>



<div class="wp-block-file"><object class="wp-block-file__embed" data="https://etbblanca-bue.infd.edu.ar/sitio/wp-content/uploads/2026/08/cuadernillo_woyzeck_puerto.pdf" type="application/pdf" style="width:100%;height:600px" aria-label="Incrustado de cuadernillo_woyzeck_puerto."></object><a id="wp-block-file--media-429cbf1f-29f7-4769-9db9-490b491421bf" href="https://etbblanca-bue.infd.edu.ar/sitio/wp-content/uploads/2026/08/cuadernillo_woyzeck_puerto.pdf">cuadernillo_woyzeck_puerto</a><a href="https://etbblanca-bue.infd.edu.ar/sitio/wp-content/uploads/2026/08/cuadernillo_woyzeck_puerto.pdf" class="wp-block-file__button wp-element-button" download aria-describedby="wp-block-file--media-429cbf1f-29f7-4769-9db9-490b491421bf">Descarga</a></div>

<p>Se define como Proyecto de Extensión a la actividad sistemática de transferencia al entorno extra-institucional de los conocimientos y experiencias producidos por la actividad académica y de investigación mediante su aplicación y adaptación, de manera que se produzca un enriquecimiento recíproco en la interrelación Escuela &#8211; Comunidad. La demanda actual de un espacio destinado a &#8230; <a title="Proyectos de Extensión" class="read-more" href="https://etbblanca-bue.infd.edu.ar/sitio/programa-de-extension/" aria-label="More on Proyectos de Extensión">[+]</a></p>
