{"id":775,"date":"2018-08-29T22:47:40","date_gmt":"2018-08-30T01:47:40","guid":{"rendered":"https:\/\/etbblanca-bue.infd.edu.ar\/sitio\/formacion-basica-en-teatro-para-adolescentes\/"},"modified":"2020-11-09T15:47:46","modified_gmt":"2020-11-09T18:47:46","slug":"formacion-basica-en-teatro-para-adolescentes","status":"publish","type":"page","link":"https:\/\/etbblanca-bue.infd.edu.ar\/sitio\/formacion-basica-en-teatro-para-adolescentes\/","title":{"rendered":"Formaci\u00f3n B\u00e1sica en Teatro para Adolescentes"},"content":{"rendered":"<blockquote><p><span style=\"color: #000099; font-family: verdana, geneva; font-size: medium;\"><strong>Programa de Formaci\u00f3n de Pregrado<\/strong><\/span><\/p>\n<p><span style=\"color: #000099;\"><span style=\"color: #000000; font-family: verdana, geneva; font-size: 10pt;\">La expresi\u00f3n teatral es un fen\u00f3meno socio \u2013 personal<\/span><span style=\"font-family: verdana, geneva;\"><span style=\"font-size: small;\"><span style=\"color: #000000;\"><span style=\"font-size: 10pt;\">, que act\u00faa favoreciendo la capacidad de percepci\u00f3n de la realidad, el autoconocimiento, la comunicaci\u00f3n y la fluidez de respuestas.<\/span><\/p>\n<p><\/span><span style=\"color: #000000; font-size: 10pt;\">La <strong>Formaci\u00f3n B\u00e1sica en Teatro para Adolescentes<\/strong> apunta a la construcci\u00f3n de un lenguaje, capaz de traducir espacial y narrativamente una premisa creativa y de ficci\u00f3n. Posibilitando al adolescente estructurar \u00absu\u00bb propio discurso art\u00edstico, teniendo la capacidad de arribar a una producci\u00f3n donde puedan reconocerse. Conociendo los alcances de la acci\u00f3n y el\u00a0 manejo del espacio, dram\u00e1ticamente. Posibilitando la indagaci\u00f3n y el conocimiento de los elementos constituyentes de la escena en sucesivos niveles de integraci\u00f3n y complejidad. Explorando y desarrollando las posibilidades del cuerpo y la voz como instrumento, en la comunicaci\u00f3n actoral.<\/span><\/span><\/span><\/span><\/p>\n<p><span style=\"color: #000099; font-size: medium;\"><span style=\"color: #000000;\"><span style=\"font-family: verdana, geneva;\"><strong><span style=\"font-family: verdana, geneva; font-size: 10pt;\">\u201cEl egresado de la Formaci\u00f3n B\u00e1sica Adolescente ingresa directamente a las carreras de Tecnicatura en Actuaci\u00f3n y Profesorado de Artes en Teatro\u201d<\/span><br \/>\n<\/strong><\/span><\/span><\/span><\/p>\n<p><span style=\"color: #000000; font-size: 10pt;\"><span style=\"font-family: verdana, geneva;\"><strong><span style=\"color: #000099;\">DURACI\u00d3N:\u00a0<\/span><\/strong><\/span><\/span><span style=\"font-size: 10pt;\"><span style=\"font-family: verdana, geneva;\">3 A\u00f1os<\/span><\/span><\/p>\n<p><span style=\"color: #000000; font-size: 10pt;\"><span style=\"font-family: verdana, geneva;\"><strong><span style=\"color: #000099;\">REQUISITOS DE INGRESO: <\/span><\/strong><\/span><\/span><span style=\"color: #000000;\"><span style=\"font-family: verdana, geneva;\"><span style=\"font-size: small;\"><span style=\"font-size: 10pt;\">14 a\u00f1os cumplidos y 2do a\u00f1o de E.S.B aprobado<\/span><br \/>\n<\/span><\/span><\/span><\/p>\n<p>&nbsp;<\/p>\n<p style=\"text-align: right;\"><a href=\"http:\/\/adolescentesenescena.blogspot.com\/\">http:\/\/adolescentesenescena.blogspot.com\/<\/a><\/p>\n<\/blockquote>\n","protected":false},"excerpt":{"rendered":"<p>Programa de Formaci\u00f3n de Pregrado La expresi\u00f3n teatral es un fen\u00f3meno socio \u2013 personal, que act\u00faa favoreciendo la capacidad de percepci\u00f3n de la realidad, el autoconocimiento, la comunicaci\u00f3n y la fluidez de respuestas. La Formaci\u00f3n B\u00e1sica en Teatro para Adolescentes apunta a la construcci\u00f3n de un lenguaje, capaz de traducir espacial y narrativamente una premisa &#8230; <a title=\"Formaci\u00f3n B\u00e1sica en Teatro para Adolescentes\" class=\"read-more\" href=\"https:\/\/etbblanca-bue.infd.edu.ar\/sitio\/formacion-basica-en-teatro-para-adolescentes\/\" aria-label=\"More on Formaci\u00f3n B\u00e1sica en Teatro para Adolescentes\">[+]<\/a><\/p>\n","protected":false},"author":148,"featured_media":0,"parent":0,"menu_order":0,"comment_status":"closed","ping_status":"closed","template":"","meta":[],"acf":[],"_links":{"self":[{"href":"https:\/\/etbblanca-bue.infd.edu.ar\/sitio\/wp-json\/wp\/v2\/pages\/775"}],"collection":[{"href":"https:\/\/etbblanca-bue.infd.edu.ar\/sitio\/wp-json\/wp\/v2\/pages"}],"about":[{"href":"https:\/\/etbblanca-bue.infd.edu.ar\/sitio\/wp-json\/wp\/v2\/types\/page"}],"author":[{"embeddable":true,"href":"https:\/\/etbblanca-bue.infd.edu.ar\/sitio\/wp-json\/wp\/v2\/users\/148"}],"replies":[{"embeddable":true,"href":"https:\/\/etbblanca-bue.infd.edu.ar\/sitio\/wp-json\/wp\/v2\/comments?post=775"}],"version-history":[{"count":1,"href":"https:\/\/etbblanca-bue.infd.edu.ar\/sitio\/wp-json\/wp\/v2\/pages\/775\/revisions"}],"predecessor-version":[{"id":995,"href":"https:\/\/etbblanca-bue.infd.edu.ar\/sitio\/wp-json\/wp\/v2\/pages\/775\/revisions\/995"}],"wp:attachment":[{"href":"https:\/\/etbblanca-bue.infd.edu.ar\/sitio\/wp-json\/wp\/v2\/media?parent=775"}],"curies":[{"name":"wp","href":"https:\/\/api.w.org\/{rel}","templated":true}]}}