{"id":286,"date":"2016-10-31T13:17:59","date_gmt":"2016-10-31T16:17:59","guid":{"rendered":"https:\/\/etbblanca-bue.infd.edu.ar\/sitio\/?page_id=286"},"modified":"2025-11-07T13:38:12","modified_gmt":"2025-11-07T16:38:12","slug":"inicio","status":"publish","type":"page","link":"https:\/\/etbblanca-bue.infd.edu.ar\/sitio\/","title":{"rendered":"Inicio"},"content":{"rendered":"\n<figure class=\"wp-block-image size-large\"><a href=\"https:\/\/etbblanca-bue.infd.edu.ar\/sitio\/inscripciones\/\"><img decoding=\"async\" loading=\"lazy\" width=\"1900\" height=\"330\" src=\"https:\/\/etbblanca-bue.infd.edu.ar\/sitio\/wp-content\/uploads\/2025\/11\/Banner-FINO-web-6912-x-1200-px-1900x330.png\" alt=\"\" class=\"wp-image-2620\" srcset=\"https:\/\/etbblanca-bue.infd.edu.ar\/sitio\/wp-content\/uploads\/2025\/11\/Banner-FINO-web-6912-x-1200-px-1900x330.png 1900w, https:\/\/etbblanca-bue.infd.edu.ar\/sitio\/wp-content\/uploads\/2025\/11\/Banner-FINO-web-6912-x-1200-px-1000x174.png 1000w, https:\/\/etbblanca-bue.infd.edu.ar\/sitio\/wp-content\/uploads\/2025\/11\/Banner-FINO-web-6912-x-1200-px-768x133.png 768w, https:\/\/etbblanca-bue.infd.edu.ar\/sitio\/wp-content\/uploads\/2025\/11\/Banner-FINO-web-6912-x-1200-px-1536x267.png 1536w, https:\/\/etbblanca-bue.infd.edu.ar\/sitio\/wp-content\/uploads\/2025\/11\/Banner-FINO-web-6912-x-1200-px-2048x356.png 2048w\" sizes=\"(max-width: 1900px) 100vw, 1900px\" \/><\/a><\/figure>\n\n\n\n<div class=\"alignnormal\"><div id=\"metaslider-id-2141\" style=\"width: 100%; margin: 0 auto;\" class=\"ml-slider-3-33-0 metaslider metaslider-nivo metaslider-2141 ml-slider ms-theme-default\" role=\"region\" aria-roledescription=\"Slideshow\" aria-label=\"Nueva presentaci\u00f3n de diapositivas\">\n    <div id=\"metaslider_container_2141\">\n        <div class='slider-wrapper theme-default'><div class='ribbon'><\/div><div id='metaslider_2141' class='nivoSlider'><img src=\"https:\/\/etbblanca-bue.infd.edu.ar\/sitio\/wp-content\/uploads\/2024\/05\/1-1.png\" height=\"591\" width=\"2069\" title=\"Tecnicatura en Actuaci\u00f3n\" alt=\"Tecnicatura en Actuaci\u00f3n\" class=\"slider-2141 slide-2238\" \/><img src=\"https:\/\/etbblanca-bue.infd.edu.ar\/sitio\/wp-content\/uploads\/2024\/05\/2-1.png\" height=\"591\" width=\"2069\" title=\"Profesorado de Teatro\" alt=\"Profesorado de Teatro\" class=\"slider-2141 slide-2239\" \/><img src=\"https:\/\/etbblanca-bue.infd.edu.ar\/sitio\/wp-content\/uploads\/2024\/05\/3.png\" height=\"591\" width=\"2069\" title=\"Formaci\u00f3n B\u00e1sica en Teatro para Adolesc\u00e9ntes\" alt=\"Formaci\u00f3n B\u00e1sica en Teatro para Adolesc\u00e9ntes\" class=\"slider-2141 slide-2279\" \/><img src=\"https:\/\/etbblanca-bue.infd.edu.ar\/sitio\/wp-content\/uploads\/2024\/05\/4.png\" height=\"591\" width=\"2069\" title=\"Tecnicatura en Escenograf\u00eda\" alt=\"Tecnicatura en Escenograf\u00eda\" class=\"slider-2141 slide-2280\" \/><img src=\"https:\/\/etbblanca-bue.infd.edu.ar\/sitio\/wp-content\/uploads\/2024\/05\/5.png\" height=\"591\" width=\"2069\" title=\"Tecnicatura en Iluminaci\u00f3n\" alt=\"Tecnicatura en Iluminaci\u00f3n\" class=\"slider-2141 slide-2281\" \/><img src=\"https:\/\/etbblanca-bue.infd.edu.ar\/sitio\/wp-content\/uploads\/2024\/05\/6.png\" height=\"591\" width=\"2069\" title=\"Tecnicatura en Maquillaje\" alt=\"Tecnicatura en Maquillaje\" class=\"slider-2141 slide-2282\" \/><img src=\"https:\/\/etbblanca-bue.infd.edu.ar\/sitio\/wp-content\/uploads\/2024\/05\/7.png\" height=\"591\" width=\"2069\" title=\"Tecnicatura en Dise\u00f1o y Producci\u00f3n de Espect\u00e1culos\" alt=\"Tecnicatura en Dise\u00f1o y Producci\u00f3n de Espect\u00e1culos\" class=\"slider-2141 slide-2283\" \/><\/div><\/div>\n        \n    <\/div>\n<\/div><\/div>\n\n\n\n<p style=\"text-align: center;\"><div id=\"metaslider-id-1355\" style=\"width: 100%; margin: 0 auto;\" class=\"ml-slider-3-33-0 metaslider metaslider-flex metaslider-1355 ml-slider ms-theme-default\" role=\"region\" aria-roledescription=\"Slideshow\" aria-label=\"Nueva presentaci\u00f3n de diapositivas\">\n    <div id=\"metaslider_container_1355\">\n        <div id=\"metaslider_1355\" class=\"flexslider\">\n            <ul aria-live=\"polite\" class=\"slides\">\n                <li style=\"display: block; width: 100%;\" class=\"slide-2610 ms-image\" aria-roledescription=\"slide\" aria-label=\"slide-2610\"><a href=\"https:\/\/etbblanca-bue.infd.edu.ar\/sitio\/inscripciones\/\" target=\"_self\"><img src=\"https:\/\/etbblanca-bue.infd.edu.ar\/sitio\/wp-content\/uploads\/2025\/11\/Banner-web-1599x699.png\" height=\"699\" width=\"1599\" alt=\"\" class=\"slider-1355 slide-2610\" \/><\/a><\/li>\n                <li style=\"display: none; width: 100%;\" class=\"slide-1485 ms-image\" aria-roledescription=\"slide\" aria-label=\"slide-1485\"><img src=\"https:\/\/etbblanca-bue.infd.edu.ar\/sitio\/wp-content\/uploads\/2024\/04\/Banner-web-1599x699.png\" height=\"699\" width=\"1599\" alt=\"Consultas\" class=\"slider-1355 slide-1485\" title=\"Consultas\" \/><\/li>\n                <li style=\"display: none; width: 100%;\" class=\"slide-2641 ms-image\" aria-roledescription=\"slide\" aria-label=\"slide-2641\"><a href=\"https:\/\/etbblanca-bue.infd.edu.ar\/sitio\/inscripcion-regulares\/\" target=\"_self\"><img src=\"https:\/\/etbblanca-bue.infd.edu.ar\/sitio\/wp-content\/uploads\/2026\/03\/Banner-web-1-1599x699.png\" height=\"699\" width=\"1599\" alt=\"\" class=\"slider-1355 slide-2641\" title=\"Inscripci\u00f3n regulares\" \/><\/a><\/li>\n                <li style=\"display: none; width: 100%;\" class=\"slide-2643 ms-image\" aria-roledescription=\"slide\" aria-label=\"slide-2643\"><a href=\"https:\/\/etbblanca-bue.infd.edu.ar\/sitio\/equivalencias-2\/\" target=\"_self\"><img src=\"https:\/\/etbblanca-bue.infd.edu.ar\/sitio\/wp-content\/uploads\/2026\/03\/Banner-web-1599x699.png\" height=\"699\" width=\"1599\" alt=\"\" class=\"slider-1355 slide-2643\" title=\"Solicitud de equivalencias\" \/><\/a><\/li>\n            <\/ul>\n        <\/div>\n        \n    <\/div>\n<\/div><\/p>\n\n\n\n<p style=\"text-align: center\"><iframe loading=\"lazy\" src=\"https:\/\/www.youtube.com\/embed\/gODKhRy7KWg\" title=\"YouTube video player\" allow=\"accelerometer; autoplay; clipboard-write; encrypted-media; gyroscope; picture-in-picture; web-share\" allowfullscreen=\"\" width=\"800\" height=\"600\" frameborder=\"0\"><\/iframe><\/p>\n\n\n\n<p style=\"text-align: center\"><iframe loading=\"lazy\" src=\"https:\/\/www.youtube.com\/embed\/2zKpr4uz6ZI\" title=\"YouTube video player\" allow=\"accelerometer; autoplay; clipboard-write; encrypted-media; gyroscope; picture-in-picture; web-share\" allowfullscreen=\"\" width=\"800\" height=\"600\" frameborder=\"0\"><\/iframe><\/p>\n\n\n\n<p style=\"text-align: center\"><iframe loading=\"lazy\" src=\"https:\/\/www.youtube.com\/embed\/N-uoQ2dTtuI\" title=\"YouTube video player\" allow=\"accelerometer; autoplay; clipboard-write; encrypted-media; gyroscope; picture-in-picture; web-share\" allowfullscreen=\"\" width=\"800\" height=\"600\" frameborder=\"0\"><\/iframe><\/p>\n","protected":false},"excerpt":{"rendered":"","protected":false},"author":1,"featured_media":0,"parent":0,"menu_order":0,"comment_status":"closed","ping_status":"closed","template":"","meta":[],"acf":[],"_links":{"self":[{"href":"https:\/\/etbblanca-bue.infd.edu.ar\/sitio\/wp-json\/wp\/v2\/pages\/286"}],"collection":[{"href":"https:\/\/etbblanca-bue.infd.edu.ar\/sitio\/wp-json\/wp\/v2\/pages"}],"about":[{"href":"https:\/\/etbblanca-bue.infd.edu.ar\/sitio\/wp-json\/wp\/v2\/types\/page"}],"author":[{"embeddable":true,"href":"https:\/\/etbblanca-bue.infd.edu.ar\/sitio\/wp-json\/wp\/v2\/users\/1"}],"replies":[{"embeddable":true,"href":"https:\/\/etbblanca-bue.infd.edu.ar\/sitio\/wp-json\/wp\/v2\/comments?post=286"}],"version-history":[{"count":437,"href":"https:\/\/etbblanca-bue.infd.edu.ar\/sitio\/wp-json\/wp\/v2\/pages\/286\/revisions"}],"predecessor-version":[{"id":2621,"href":"https:\/\/etbblanca-bue.infd.edu.ar\/sitio\/wp-json\/wp\/v2\/pages\/286\/revisions\/2621"}],"wp:attachment":[{"href":"https:\/\/etbblanca-bue.infd.edu.ar\/sitio\/wp-json\/wp\/v2\/media?parent=286"}],"curies":[{"name":"wp","href":"https:\/\/api.w.org\/{rel}","templated":true}]}}