{"id":2760,"date":"2026-04-30T10:48:31","date_gmt":"2026-04-30T13:48:31","guid":{"rendered":"https:\/\/etbblanca-bue.infd.edu.ar\/sitio\/?page_id=2760"},"modified":"2026-04-30T10:48:40","modified_gmt":"2026-04-30T13:48:40","slug":"becas-progresar","status":"publish","type":"page","link":"https:\/\/etbblanca-bue.infd.edu.ar\/sitio\/becas-progresar\/","title":{"rendered":"Becas PROGRESAR"},"content":{"rendered":"\n<p>Acompa\u00f1a a los j\u00f3venes para que finalicen la educaci\u00f3n obligatoria, estudien en el nivel superior o se formen profesionalmente.<\/p>\n\n\n\n<div class=\"wp-block-buttons is-layout-flex\">\n<div class=\"wp-block-button\"><a class=\"wp-block-button__link has-background wp-element-button\" href=\"https:\/\/drive.google.com\/file\/d\/1_BQPDZ5pLgtmtG7DwZScYOCfJCCZszjl\/view?usp=sharing\" style=\"border-radius:4px;background-color:#2e4cb8\" target=\"_blank\" rel=\"noreferrer noopener\"><strong>INFO Beca Progresar Superior 2026<\/strong><\/a><\/div>\n<\/div>\n\n\n\n<div class=\"wp-block-buttons is-layout-flex\">\n<div class=\"wp-block-button\"><a class=\"wp-block-button__link has-background wp-element-button\" href=\"https:\/\/drive.google.com\/file\/d\/1owaQDAZybJuNpROQnzdgHs1p13-Aamyx\/view?usp=sharing\" style=\"border-radius:4px;background-color:#2e4cb8\" target=\"_blank\" rel=\"noreferrer noopener\"><strong>Instructivo de inscripci\u00f3n Beca Progresar 2026<\/strong><\/a><\/div>\n<\/div>\n\n\n\n<p><strong>Consultas:<\/strong> escueladeteatrobahiablanca@abc.gob.ar &#8211; Secretaria: Elizabeth Cangelosi<br>Colocar en el ASUNTO \u00ab<em>Beca PROGRESAR<\/em>\u00ab<br><\/p>\n","protected":false},"excerpt":{"rendered":"<p>Acompa\u00f1a a los j\u00f3venes para que finalicen la educaci\u00f3n obligatoria, estudien en el nivel superior o se formen profesionalmente. Consultas: escueladeteatrobahiablanca@abc.gob.ar &#8211; Secretaria: Elizabeth CangelosiColocar en el ASUNTO \u00abBeca PROGRESAR\u00ab<\/p>\n","protected":false},"author":1570,"featured_media":0,"parent":0,"menu_order":0,"comment_status":"closed","ping_status":"closed","template":"","meta":[],"acf":[],"_links":{"self":[{"href":"https:\/\/etbblanca-bue.infd.edu.ar\/sitio\/wp-json\/wp\/v2\/pages\/2760"}],"collection":[{"href":"https:\/\/etbblanca-bue.infd.edu.ar\/sitio\/wp-json\/wp\/v2\/pages"}],"about":[{"href":"https:\/\/etbblanca-bue.infd.edu.ar\/sitio\/wp-json\/wp\/v2\/types\/page"}],"author":[{"embeddable":true,"href":"https:\/\/etbblanca-bue.infd.edu.ar\/sitio\/wp-json\/wp\/v2\/users\/1570"}],"replies":[{"embeddable":true,"href":"https:\/\/etbblanca-bue.infd.edu.ar\/sitio\/wp-json\/wp\/v2\/comments?post=2760"}],"version-history":[{"count":2,"href":"https:\/\/etbblanca-bue.infd.edu.ar\/sitio\/wp-json\/wp\/v2\/pages\/2760\/revisions"}],"predecessor-version":[{"id":2765,"href":"https:\/\/etbblanca-bue.infd.edu.ar\/sitio\/wp-json\/wp\/v2\/pages\/2760\/revisions\/2765"}],"wp:attachment":[{"href":"https:\/\/etbblanca-bue.infd.edu.ar\/sitio\/wp-json\/wp\/v2\/media?parent=2760"}],"curies":[{"name":"wp","href":"https:\/\/api.w.org\/{rel}","templated":true}]}}