{"id":2714,"date":"2026-03-19T12:51:46","date_gmt":"2026-03-19T15:51:46","guid":{"rendered":"https:\/\/etbblanca-bue.infd.edu.ar\/sitio\/?page_id=2714"},"modified":"2026-04-08T15:10:33","modified_gmt":"2026-04-08T18:10:33","slug":"pruebas-de-seleccion","status":"publish","type":"page","link":"https:\/\/etbblanca-bue.infd.edu.ar\/sitio\/pruebas-de-seleccion\/","title":{"rendered":"Pruebas de selecci\u00f3n"},"content":{"rendered":"\n<p class=\"is-style-plain has-medium-font-size\"><strong>COMUNIDAD EDUCATIVA<\/strong><\/p>\n\n\n\n<p>En el marco de la <a href=\"https:\/\/drive.google.com\/file\/d\/1OTe1qZdP2QR6ErijnmfaOuMJZbc8RqY-\/view?usp=drive_link\" target=\"_blank\" rel=\"noreferrer noopener\">Resoluci\u00f3n 6179\/25<\/a>, que regula la cobertura provisional y\/o suplente de m\u00f3dulos\/horas c\u00e1tedra de Unidades Curriculares y de cargos de base \u2014tales como Preceptores\/as, Encargados\/as de Medios, Bibliotecarios\/as, Int\u00e9rpretes Pedag\u00f3gicos de Lengua de Se\u00f1as Argentina\u2013Espa\u00f1ol y m\u00f3dulos de Fonoaudi\u00f3logos\/as\u2014 en el Nivel Superior de la Provincia de Buenos Aires, y sin perjuicio de la incorporaci\u00f3n de otros cargos que pudieran crearse para este nivel, se informa a la comunidad educativa lo siguiente:<\/p>\n\n\n\n<p>Se han remitido a la Secretar\u00eda de Asuntos Docentes las correspondientes convocatorias para la cobertura de los espacios y\/o cargos mencionados.<\/p>\n\n\n\n<p>Las mismas ser\u00e1n difundidas por los canales oficiales una vez que se encuentren validadas por dicho organismo.<\/p>\n\n\n\n<p>Se solicita a las\/os interesadas\/os mantenerse atentas\/os a las pr\u00f3ximas publicaciones.<\/p>\n\n\n\n<hr class=\"wp-block-separator has-alpha-channel-opacity\"\/>\n\n\n\n<div class=\"wp-block-buttons is-layout-flex\">\n<div class=\"wp-block-button\"><a class=\"wp-block-button__link has-contrast-color has-text-color has-background wp-element-button\" href=\"https:\/\/drive.google.com\/file\/d\/1oiHZe2chpn3JkOYfl3g9mKSXr6Gxofuf\/view?usp=drive_link\" style=\"border-radius:17px;background-color:#e8ac13\" target=\"_blank\" rel=\"noreferrer noopener\">Maquillaje<\/a><\/div>\n<\/div>\n\n\n\n<p><strong>Unidad Curricular\/Carrera<\/strong>: Maquillaje I -Tecnicatura en Actuaci\u00f3n\/Profesorado de Teatro<br><strong>M\u00f3dulos vacantes<\/strong>: 2 m\u00f3dulos (suplentes).<br><strong>Horario<\/strong>: martes de 08 a 10 hs.<br><strong>Convocatoria<\/strong>: conformaci\u00f3n de listado para cobertura provisional\/suplente con una vigencia de 3 a\u00f1os.<br><strong>Difusi\u00f3n<\/strong>: del 10\/04\/2026 al 14\/04\/2026 (5 d\u00edas corridos).<br><strong>Inscripci\u00f3n<\/strong>: del 10\/04\/2026 al 15\/04\/2026 (6 d\u00edas corridos a partir del primer d\u00eda de la difusi\u00f3n).<\/p>\n\n\n\n<hr class=\"wp-block-separator has-alpha-channel-opacity\"\/>\n\n\n\n<div class=\"wp-block-buttons is-layout-flex\">\n<div class=\"wp-block-button\"><a class=\"wp-block-button__link has-contrast-color has-text-color has-background wp-element-button\" href=\"https:\/\/drive.google.com\/file\/d\/1hmZ7NtsCvwAt7ZhLxDpN3MXuqD1mtrS1\/view?usp=sharing\" style=\"border-radius:17px;background-color:#e8ac13\" target=\"_blank\" rel=\"noreferrer noopener\">Cine<\/a><\/div>\n<\/div>\n\n\n\n<p><strong>Unidad Curricular\/Carrera<\/strong>: Cine \u2014 Tecnicatura en Escenograf\u00eda, Dise\u00f1o, Maquillaje e Iluminaci\u00f3n. <br><strong>M\u00f3dulos<\/strong> <strong>vacantes<\/strong>: 1 m\u00f3dulo (provisional). <br><strong>Horario<\/strong>: lunes de 19 a 20 hs. <br><strong>Convocatoria<\/strong>: conformaci\u00f3n de listado provisional\/suplente con una vigencia de 3 a\u00f1os.<br><strong>Difusi\u00f3n<\/strong>: del 20\/03\/2026 al 24\/03\/2026 (5 d\u00edas corridos).<br><strong>Inscripci\u00f3n<\/strong>: del 20\/03\/2026 al 25\/03\/2026 (6 d\u00edas corridos a partir del primer d\u00eda de la<br>difusi\u00f3n).<\/p>\n\n\n\n<hr class=\"wp-block-separator has-alpha-channel-opacity\"\/>\n\n\n\n<div class=\"wp-block-buttons is-layout-flex\">\n<div class=\"wp-block-button\"><a class=\"wp-block-button__link has-contrast-color has-text-color has-background wp-element-button\" href=\"https:\/\/drive.google.com\/file\/d\/1wNM7J33_4lt92EQyZkpIEpC84emKG3gw\/view?usp=sharing\" style=\"border-radius:17px;background-color:#e8ac13\" target=\"_blank\" rel=\"noreferrer noopener\">Maquillaje I<\/a><\/div>\n<\/div>\n\n\n\n<p><strong>Unidad Curricular\/Carrera<\/strong>: Maquillaje I \u2014 Tecnicatura en Actuaci\u00f3n \/ Profesorado de Teatro.<br><strong>M\u00f3dulos vacantes<\/strong>: 2 m\u00f3dulos (suplentes).<br><strong>Horario<\/strong>: martes de 08 a 10 hs.<br><strong>Convocatoria<\/strong>: conformaci\u00f3n de listado para cobertura provisional\/suplente con una vigencia de 3 a\u00f1os.<br><strong>Difusi\u00f3n<\/strong>: del 20\/03\/2026 al 24\/03\/2026 (5 d\u00edas corridos).<br><strong>Inscripci\u00f3n<\/strong>: del 20\/03\/2026 al 25\/03\/2026 (6 d\u00edas corridos a partir del primer d\u00eda de la<br>difusi\u00f3n).<\/p>\n\n\n\n<hr class=\"wp-block-separator has-alpha-channel-opacity\"\/>\n","protected":false},"excerpt":{"rendered":"<p>COMUNIDAD EDUCATIVA En el marco de la Resoluci\u00f3n 6179\/25, que regula la cobertura provisional y\/o suplente de m\u00f3dulos\/horas c\u00e1tedra de Unidades Curriculares y de cargos de base \u2014tales como Preceptores\/as, Encargados\/as de Medios, Bibliotecarios\/as, Int\u00e9rpretes Pedag\u00f3gicos de Lengua de Se\u00f1as Argentina\u2013Espa\u00f1ol y m\u00f3dulos de Fonoaudi\u00f3logos\/as\u2014 en el Nivel Superior de la Provincia de Buenos Aires, &#8230; <a title=\"Pruebas de selecci\u00f3n\" class=\"read-more\" href=\"https:\/\/etbblanca-bue.infd.edu.ar\/sitio\/pruebas-de-seleccion\/\" aria-label=\"More on Pruebas de selecci\u00f3n\">[+]<\/a><\/p>\n","protected":false},"author":1570,"featured_media":0,"parent":0,"menu_order":0,"comment_status":"closed","ping_status":"closed","template":"","meta":[],"acf":[],"_links":{"self":[{"href":"https:\/\/etbblanca-bue.infd.edu.ar\/sitio\/wp-json\/wp\/v2\/pages\/2714"}],"collection":[{"href":"https:\/\/etbblanca-bue.infd.edu.ar\/sitio\/wp-json\/wp\/v2\/pages"}],"about":[{"href":"https:\/\/etbblanca-bue.infd.edu.ar\/sitio\/wp-json\/wp\/v2\/types\/page"}],"author":[{"embeddable":true,"href":"https:\/\/etbblanca-bue.infd.edu.ar\/sitio\/wp-json\/wp\/v2\/users\/1570"}],"replies":[{"embeddable":true,"href":"https:\/\/etbblanca-bue.infd.edu.ar\/sitio\/wp-json\/wp\/v2\/comments?post=2714"}],"version-history":[{"count":9,"href":"https:\/\/etbblanca-bue.infd.edu.ar\/sitio\/wp-json\/wp\/v2\/pages\/2714\/revisions"}],"predecessor-version":[{"id":2747,"href":"https:\/\/etbblanca-bue.infd.edu.ar\/sitio\/wp-json\/wp\/v2\/pages\/2714\/revisions\/2747"}],"wp:attachment":[{"href":"https:\/\/etbblanca-bue.infd.edu.ar\/sitio\/wp-json\/wp\/v2\/media?parent=2714"}],"curies":[{"name":"wp","href":"https:\/\/api.w.org\/{rel}","templated":true}]}}